{"id":3502,"date":"2021-02-16T09:46:54","date_gmt":"2021-02-16T08:46:54","guid":{"rendered":"http:\/\/gudajczyk.pl\/neurolog\/?page_id=3502"},"modified":"2025-10-23T09:28:40","modified_gmt":"2025-10-23T07:28:40","slug":"kontakt","status":"publish","type":"page","link":"https:\/\/gudajczyk.pl\/neurolog\/kontakt\/","title":{"rendered":"Kontakt"},"content":{"rendered":"<section class=\"l-section wpb_row height_medium\"><div class=\"l-section-h i-cf\"><div class=\"g-cols vc_row via_flex valign_top type_default stacking_default\"><div class=\"vc_col-sm-6 wpb_column vc_column_container\"><div class=\"vc_column-inner\"><div class=\"wpb_wrapper\"><div class=\"wpb_text_column\"><div class=\"wpb_wrapper\"><h4>Godzinny rejestracji:<\/h4>\n<ul>\n<li>wtorek 16:00 &#8211; 19:30<\/li>\n<li>\u015broda 18:00 &#8211; 20:00<\/li>\n<li>czwartek 18:00 &#8211; 20:00<\/li>\n<\/ul>\n<h4>Gabinet czynny:<\/h4>\n<div class=\"col-md-6 col-sm-6 col-xs-6\">\n<ul>\n<li>poniedzia\u0142ek<\/li>\n<li>wtorek<\/li>\n<li>\u015brod\u0119<\/li>\n<li>czwartek<\/li>\n<\/ul>\n<\/div>\n<\/div><\/div><\/div><\/div><\/div><div class=\"vc_col-sm-6 wpb_column vc_column_container\"><div class=\"vc_column-inner\"><div class=\"wpb_wrapper\"><div class=\"g-cols wpb_row via_flex valign_top type_default stacking_default\"><div class=\"vc_col-sm-6 wpb_column vc_column_container\"><div class=\"vc_column-inner\"><div class=\"wpb_wrapper\"><div class=\"w-iconbox iconpos_top style_default color_primary align_center\"><a href=\"tel:605304475\" class=\"w-iconbox-link\" aria-label=\"605304475\"><div class=\"w-iconbox-icon\" style=\"font-size:2rem;\"><i class=\"fas fa-phone\"><\/i><\/div><\/a><div class=\"w-iconbox-meta\"><p class=\"w-iconbox-title\"><a href=\"tel:605304475\" class=\"w-iconbox-link\" aria-label=\"605304475\">605304475<\/a><\/p><div class=\"w-iconbox-text\"><p>Telefon kom\u00f3rkowy<\/p>\n<\/div><\/div><\/div><\/div><\/div><\/div><div class=\"vc_col-sm-6 wpb_column vc_column_container\"><div class=\"vc_column-inner\"><div class=\"wpb_wrapper\"><\/div><\/div><\/div><\/div><div class=\"w-separator size_small\"><\/div><div class=\"g-cols wpb_row via_flex valign_top type_default stacking_default\"><div class=\"vc_col-sm-6 wpb_column vc_column_container\"><div class=\"vc_column-inner\"><div class=\"wpb_wrapper\"><div class=\"w-iconbox iconpos_top style_default color_primary align_center\"><a href=\"mailto:jmg10@op.pl\" class=\"w-iconbox-link\" aria-label=\"jmg10@op.pl\"><div class=\"w-iconbox-icon\" style=\"font-size:2rem;\"><i class=\"fas fa-envelope\"><\/i><\/div><\/a><div class=\"w-iconbox-meta\"><p class=\"w-iconbox-title\"><a href=\"mailto:jmg10@op.pl\" class=\"w-iconbox-link\" aria-label=\"jmg10@op.pl\">jmg10@op.pl<\/a><\/p><div class=\"w-iconbox-text\"><p>Adres e-mail<\/p>\n<\/div><\/div><\/div><\/div><\/div><\/div><div class=\"vc_col-sm-6 wpb_column vc_column_container\"><div class=\"vc_column-inner\"><div class=\"wpb_wrapper\"><div class=\"w-iconbox iconpos_top style_default color_primary align_center\"><div class=\"w-iconbox-icon\" style=\"font-size:2rem;\"><i class=\"fas fa-map\"><\/i><\/div><div class=\"w-iconbox-meta\"><p class=\"w-iconbox-title\">ul. Modrzejewskiej 4\/3<\/p><div class=\"w-iconbox-text\"><p style=\"text-align: center;\">(1 pi\u0119tro)<br \/>\n75-729 Koszalin<\/p>\n<\/div><\/div><\/div><\/div><\/div><\/div><\/div><\/div><\/div><\/div><\/div><\/div><\/section><section class=\"l-section wpb_row height_auto\"><div class=\"l-section-h i-cf\"><div class=\"g-cols vc_row via_flex valign_top type_default stacking_default\"><div class=\"vc_col-sm-12 wpb_column vc_column_container\"><div class=\"vc_column-inner\"><div class=\"wpb_wrapper\">[vc_raw_html]JTNDaWZyYW1lJTIwc3JjJTNEJTIyaHR0cHMlM0ElMkYlMkZ3d3cuZ29vZ2xlLmNvbSUyRm1hcHMlMkZlbWJlZCUzRnBiJTNEJTIxMW0xOCUyMTFtMTIlMjExbTMlMjExZDIzMzQuNjEzNDY5MjY4NjU5JTIxMmQxNi4xODIxNzc3MTU2NzA1MiUyMTNkNTQuMTg2OTIxMDgwMTYzNzclMjEybTMlMjExZjAlMjEyZjAlMjEzZjAlMjEzbTIlMjExaTEwMjQlMjEyaTc2OCUyMTRmMTMuMSUyMTNtMyUyMTFtMiUyMTFzMHg0NzAxY2QxYTI4YTQ0MWQxJTI1M0EweGUxNTBmM2U2Y2JlN2M5YzklMjEyc1N0b21hdG9sb2clMjUyMEd1ZGFqY3p5ayUyNTIwTW9uaWthJTIxNWUwJTIxM20yJTIxMXNwbCUyMTJzcGwlMjE0djE2MTM5ODc4NjQwMjMlMjE1bTIlMjExc3BsJTIxMnNwbCUyMiUyMHdpZHRoJTNEJTIyMTAwJTI1JTIyJTIwaGVpZ2h0JTNEJTIyNDUwJTIyJTIwc3R5bGUlM0QlMjJib3JkZXIlM0EwJTNCJTIyJTIwYWxsb3dmdWxsc2NyZWVuJTNEJTIyJTIyJTIwbG9hZGluZyUzRCUyMmxhenklMjIlM0UlM0MlMkZpZnJhbWUlM0U=[\/vc_raw_html]<\/div><\/div><\/div><\/div><\/div><\/section>\n","protected":false},"excerpt":{"rendered":"Godzinny rejestracji: wtorek 16:00 &#8211; 19:30 \u015broda 18:00 &#8211; 20:00 czwartek 18:00 &#8211; 20:00 Gabinet czynny: poniedzia\u0142ek wtorek \u015brod\u0119 czwartek 605304475Telefon kom\u00f3rkowy jmg10@op.plAdres e-mail ul. Modrzejewskiej 4\/3(1 pi\u0119tro) 75-729 Koszalin [vc_raw_html]JTNDaWZyYW1lJTIwc3JjJTNEJTIyaHR0cHMlM0ElMkYlMkZ3d3cuZ29vZ2xlLmNvbSUyRm1hcHMlMkZlbWJlZCUzRnBiJTNEJTIxMW0xOCUyMTFtMTIlMjExbTMlMjExZDIzMzQuNjEzNDY5MjY4NjU5JTIxMmQxNi4xODIxNzc3MTU2NzA1MiUyMTNkNTQuMTg2OTIxMDgwMTYzNzclMjEybTMlMjExZjAlMjEyZjAlMjEzZjAlMjEzbTIlMjExaTEwMjQlMjEyaTc2OCUyMTRmMTMuMSUyMTNtMyUyMTFtMiUyMTFzMHg0NzAxY2QxYTI4YTQ0MWQxJTI1M0EweGUxNTBmM2U2Y2JlN2M5YzklMjEyc1N0b21hdG9sb2clMjUyMEd1ZGFqY3p5ayUyNTIwTW9uaWthJTIxNWUwJTIxM20yJTIxMXNwbCUyMTJzcGwlMjE0djE2MTM5ODc4NjQwMjMlMjE1bTIlMjExc3BsJTIxMnNwbCUyMiUyMHdpZHRoJTNEJTIyMTAwJTI1JTIyJTIwaGVpZ2h0JTNEJTIyNDUwJTIyJTIwc3R5bGUlM0QlMjJib3JkZXIlM0EwJTNCJTIyJTIwYWxsb3dmdWxsc2NyZWVuJTNEJTIyJTIyJTIwbG9hZGluZyUzRCUyMmxhenklMjIlM0UlM0MlMkZpZnJhbWUlM0U=[\/vc_raw_html]","protected":false},"author":1,"featured_media":0,"parent":0,"menu_order":0,"comment_status":"closed","ping_status":"closed","template":"","meta":{"footnotes":""},"class_list":["post-3502","page","type-page","status-publish","hentry"],"yoast_head":"<!-- This site is optimized with the Yoast SEO plugin v27.3 - https:\/\/yoast.com\/product\/yoast-seo-wordpress\/ -->\n<title>Kontakt - Gabinety Gudajczyk<\/title>\n<meta name=\"robots\" content=\"index, follow, max-snippet:-1, max-image-preview:large, max-video-preview:-1\" \/>\n<link rel=\"canonical\" href=\"https:\/\/gudajczyk.pl\/neurolog\/kontakt\/\" \/>\n<meta property=\"og:locale\" content=\"pl_PL\" \/>\n<meta property=\"og:type\" content=\"article\" \/>\n<meta property=\"og:title\" content=\"Kontakt - Gabinety Gudajczyk\" \/>\n<meta property=\"og:url\" content=\"https:\/\/gudajczyk.pl\/neurolog\/kontakt\/\" \/>\n<meta property=\"og:site_name\" content=\"Gabinety Gudajczyk\" \/>\n<meta property=\"article:modified_time\" content=\"2025-10-23T07:28:40+00:00\" \/>\n<meta name=\"twitter:card\" content=\"summary_large_image\" \/>\n<meta name=\"twitter:label1\" content=\"Szacowany czas czytania\" \/>\n\t<meta name=\"twitter:data1\" content=\"1 minuta\" \/>\n<script type=\"application\/ld+json\" class=\"yoast-schema-graph\">{\"@context\":\"https:\\\/\\\/schema.org\",\"@graph\":[{\"@type\":\"WebPage\",\"@id\":\"https:\\\/\\\/gudajczyk.pl\\\/neurolog\\\/kontakt\\\/\",\"url\":\"https:\\\/\\\/gudajczyk.pl\\\/neurolog\\\/kontakt\\\/\",\"name\":\"Kontakt - Gabinety Gudajczyk\",\"isPartOf\":{\"@id\":\"https:\\\/\\\/gudajczyk.pl\\\/neurolog\\\/#website\"},\"datePublished\":\"2021-02-16T08:46:54+00:00\",\"dateModified\":\"2025-10-23T07:28:40+00:00\",\"breadcrumb\":{\"@id\":\"https:\\\/\\\/gudajczyk.pl\\\/neurolog\\\/kontakt\\\/#breadcrumb\"},\"inLanguage\":\"pl-PL\",\"potentialAction\":[{\"@type\":\"ReadAction\",\"target\":[\"https:\\\/\\\/gudajczyk.pl\\\/neurolog\\\/kontakt\\\/\"]}]},{\"@type\":\"BreadcrumbList\",\"@id\":\"https:\\\/\\\/gudajczyk.pl\\\/neurolog\\\/kontakt\\\/#breadcrumb\",\"itemListElement\":[{\"@type\":\"ListItem\",\"position\":1,\"name\":\"Strona g\u0142\u00f3wna\",\"item\":\"https:\\\/\\\/gudajczyk.pl\\\/neurolog\\\/\"},{\"@type\":\"ListItem\",\"position\":2,\"name\":\"Kontakt\"}]},{\"@type\":\"WebSite\",\"@id\":\"https:\\\/\\\/gudajczyk.pl\\\/neurolog\\\/#website\",\"url\":\"https:\\\/\\\/gudajczyk.pl\\\/neurolog\\\/\",\"name\":\"Gabinety Gudajczyk - Neurolog\",\"description\":\"Neurolog\",\"publisher\":{\"@id\":\"https:\\\/\\\/gudajczyk.pl\\\/neurolog\\\/#organization\"},\"potentialAction\":[{\"@type\":\"SearchAction\",\"target\":{\"@type\":\"EntryPoint\",\"urlTemplate\":\"https:\\\/\\\/gudajczyk.pl\\\/neurolog\\\/?s={search_term_string}\"},\"query-input\":{\"@type\":\"PropertyValueSpecification\",\"valueRequired\":true,\"valueName\":\"search_term_string\"}}],\"inLanguage\":\"pl-PL\"},{\"@type\":\"Organization\",\"@id\":\"https:\\\/\\\/gudajczyk.pl\\\/neurolog\\\/#organization\",\"name\":\"Gabinety Gudajczyk - Neurolog\",\"url\":\"https:\\\/\\\/gudajczyk.pl\\\/neurolog\\\/\",\"logo\":{\"@type\":\"ImageObject\",\"inLanguage\":\"pl-PL\",\"@id\":\"https:\\\/\\\/gudajczyk.pl\\\/neurolog\\\/#\\\/schema\\\/logo\\\/image\\\/\",\"url\":\"https:\\\/\\\/gudajczyk.pl\\\/neurolog\\\/wp-content\\\/uploads\\\/2021\\\/02\\\/logo-gudajczyk.png\",\"contentUrl\":\"https:\\\/\\\/gudajczyk.pl\\\/neurolog\\\/wp-content\\\/uploads\\\/2021\\\/02\\\/logo-gudajczyk.png\",\"width\":147,\"height\":44,\"caption\":\"Gabinety Gudajczyk - Neurolog\"},\"image\":{\"@id\":\"https:\\\/\\\/gudajczyk.pl\\\/neurolog\\\/#\\\/schema\\\/logo\\\/image\\\/\"}}]}<\/script>\n<!-- \/ Yoast SEO plugin. -->","yoast_head_json":{"title":"Kontakt - Gabinety Gudajczyk","robots":{"index":"index","follow":"follow","max-snippet":"max-snippet:-1","max-image-preview":"max-image-preview:large","max-video-preview":"max-video-preview:-1"},"canonical":"https:\/\/gudajczyk.pl\/neurolog\/kontakt\/","og_locale":"pl_PL","og_type":"article","og_title":"Kontakt - Gabinety Gudajczyk","og_url":"https:\/\/gudajczyk.pl\/neurolog\/kontakt\/","og_site_name":"Gabinety Gudajczyk","article_modified_time":"2025-10-23T07:28:40+00:00","twitter_card":"summary_large_image","twitter_misc":{"Szacowany czas czytania":"1 minuta"},"schema":{"@context":"https:\/\/schema.org","@graph":[{"@type":"WebPage","@id":"https:\/\/gudajczyk.pl\/neurolog\/kontakt\/","url":"https:\/\/gudajczyk.pl\/neurolog\/kontakt\/","name":"Kontakt - Gabinety Gudajczyk","isPartOf":{"@id":"https:\/\/gudajczyk.pl\/neurolog\/#website"},"datePublished":"2021-02-16T08:46:54+00:00","dateModified":"2025-10-23T07:28:40+00:00","breadcrumb":{"@id":"https:\/\/gudajczyk.pl\/neurolog\/kontakt\/#breadcrumb"},"inLanguage":"pl-PL","potentialAction":[{"@type":"ReadAction","target":["https:\/\/gudajczyk.pl\/neurolog\/kontakt\/"]}]},{"@type":"BreadcrumbList","@id":"https:\/\/gudajczyk.pl\/neurolog\/kontakt\/#breadcrumb","itemListElement":[{"@type":"ListItem","position":1,"name":"Strona g\u0142\u00f3wna","item":"https:\/\/gudajczyk.pl\/neurolog\/"},{"@type":"ListItem","position":2,"name":"Kontakt"}]},{"@type":"WebSite","@id":"https:\/\/gudajczyk.pl\/neurolog\/#website","url":"https:\/\/gudajczyk.pl\/neurolog\/","name":"Gabinety Gudajczyk - Neurolog","description":"Neurolog","publisher":{"@id":"https:\/\/gudajczyk.pl\/neurolog\/#organization"},"potentialAction":[{"@type":"SearchAction","target":{"@type":"EntryPoint","urlTemplate":"https:\/\/gudajczyk.pl\/neurolog\/?s={search_term_string}"},"query-input":{"@type":"PropertyValueSpecification","valueRequired":true,"valueName":"search_term_string"}}],"inLanguage":"pl-PL"},{"@type":"Organization","@id":"https:\/\/gudajczyk.pl\/neurolog\/#organization","name":"Gabinety Gudajczyk - Neurolog","url":"https:\/\/gudajczyk.pl\/neurolog\/","logo":{"@type":"ImageObject","inLanguage":"pl-PL","@id":"https:\/\/gudajczyk.pl\/neurolog\/#\/schema\/logo\/image\/","url":"https:\/\/gudajczyk.pl\/neurolog\/wp-content\/uploads\/2021\/02\/logo-gudajczyk.png","contentUrl":"https:\/\/gudajczyk.pl\/neurolog\/wp-content\/uploads\/2021\/02\/logo-gudajczyk.png","width":147,"height":44,"caption":"Gabinety Gudajczyk - Neurolog"},"image":{"@id":"https:\/\/gudajczyk.pl\/neurolog\/#\/schema\/logo\/image\/"}}]}},"_links":{"self":[{"href":"https:\/\/gudajczyk.pl\/neurolog\/wp-json\/wp\/v2\/pages\/3502","targetHints":{"allow":["GET"]}}],"collection":[{"href":"https:\/\/gudajczyk.pl\/neurolog\/wp-json\/wp\/v2\/pages"}],"about":[{"href":"https:\/\/gudajczyk.pl\/neurolog\/wp-json\/wp\/v2\/types\/page"}],"author":[{"embeddable":true,"href":"https:\/\/gudajczyk.pl\/neurolog\/wp-json\/wp\/v2\/users\/1"}],"replies":[{"embeddable":true,"href":"https:\/\/gudajczyk.pl\/neurolog\/wp-json\/wp\/v2\/comments?post=3502"}],"version-history":[{"count":24,"href":"https:\/\/gudajczyk.pl\/neurolog\/wp-json\/wp\/v2\/pages\/3502\/revisions"}],"predecessor-version":[{"id":3644,"href":"https:\/\/gudajczyk.pl\/neurolog\/wp-json\/wp\/v2\/pages\/3502\/revisions\/3644"}],"wp:attachment":[{"href":"https:\/\/gudajczyk.pl\/neurolog\/wp-json\/wp\/v2\/media?parent=3502"}],"curies":[{"name":"wp","href":"https:\/\/api.w.org\/{rel}","templated":true}]}}